iple of 7?
True
Is 2624297 a multiple of 29?
True
Does 4937 divide 444048249?
False
Does 36 divide 3217007348?
False
Is 24386901 a multiple of 579?
True
Does 115 divide 7825865?
True
Is 58 a factor of 11013037?
False
Does 9 divide 102617982?
True
Is 943761 a multiple of 1304?
False
Does 1154 divide 121483888?
True
Is 2528859249 a multiple of 183?
True
Is 564 a factor of 920357067?
False
Does 123 divide 53535504?
True
Does 8 divide 4506525?
False
Is 69538503 a multiple of 111?
True
Is 50934272 a multiple of 32?
True
Is 54986458 a multiple of 743?
True
Is 682378427 a multiple of 59?
False
Is 313306305 a multiple of 13?
True
Does 632 divide 323747248?
False
Is 2 a factor of 698072792?
True
Does 3 divide 107575054?
False
Does 112 divide 501247301?
False
Does 14 divide 154891206?
False
Does 50 divide 17879550?
True
Does 825 divide 19238833?
False
Is 124524660 a multiple of 51?
True
Does 10 divide 63917904?
False
Does 186 divide 180249066?
True
Does 55 divide 76368875?
True
Is 1902 a factor of 26333190?
True
Is 31920753 a multiple of 2?
False
Is 43 a factor of 11513817?
False
Is 51288368 a multiple of 16?
True
Is 5 a factor of 529577653?
False
Is 4147 a factor of 745109429?
False
Is 115028737 a multiple of 432?
False
Is 1233308 a multiple of 17?
False
Is 1222141754 a multiple of 46?
True
Does 2148 divide 125816952?
True
Is 147 a factor of 69617638?
False
Is 1994 a factor of 2665038983?
False
Is 436 a factor of 179990952?
False
Does 981 divide 10718647?
False
Does 4179 divide 1606850726?
False
Does 8 divide 309283201?
False
Is 7071414 a multiple of 606?
True
Is 106 a factor of 128048848?
True
Is 755 a factor of 138192649?
False
Does 219 divide 302301135?
False
Does 322 divide 72879548?
True
Is 4234453 a multiple of 193?
False
Is 1114 a factor of 3863133624?
False
Is 399 a factor of 1211223441?
False
Is 2487 a factor of 29414195?
False
Does 161 divide 6745578?
True
Is 19 a factor of 342836460?
False
Is 18 a factor of 66288743?
False
Does 13 divide 510772?
False
Is 270 a factor of 11086621?
False
Is 149983359 a multiple of 57?
True
Is 17 a factor of 75714363?
False
Is 7156 a factor of 343885937?
False
Is 110 a factor of 210575970?
True
Is 781 a factor of 17171066?
True
Is 284994633 a multiple of 15?
False
Is 916306157 a multiple of 1580?
False
Does 295 divide 116104330?
True
Is 88660988 a multiple of 94?
True
Is 88254600 a multiple of 35?
True
Does 1160 divide 747741486?
False
Is 767901891 a multiple of 19?
True
Is 245 a factor of 240576280?
True
Is 4 a factor of 933148?
True
Is 13722662 a multiple of 1494?
False
Is 6 a factor of 233419653?
False
Does 93 divide 24986461?
False
Is 1900454053 a multiple of 1719?
False
Is 16897650 a multiple of 1425?
True
Is 234 a factor of 62370679?
False
Is 1808 a factor of 1467976672?
True
Does 41 divide 47059231?
False
Is 36905484 a multiple of 12?
True
Does 80 divide 7085200?
True
Is 4027 a factor of 47393444?
False
Is 20806473 a multiple of 727?
False
Is 156203205 a multiple of 15?
True
Is 1203950 a multiple of 55?
True
Is 4185 a factor of 620648055?
True
Is 390 a factor of 9468420?
True
Is 54089724 a multiple of 2834?
True
Is 49978437 a multiple of 367?
False
Is 33990607 a multiple of 44?
False
Is 121851223 a multiple of 141?
False
Is 398 a factor of 706132384?
False
Is 191729287 a multiple of 1675?
False
Does 11 divide 1296500205?
True
Does 46 divide 297508264?
False
Is 9 a factor of 3469044321?
True
Does 12 divide 158725044?
True
Does 132 divide 9674544?
True
Is 4634916 a multiple of 44?
True
Does 9 divide 23516636?
False
Does 51 divide 801054668?
False
Does 675 divide 130275?
True
Is 47 a factor of 68175333?
True
Does 13 divide 71584429?
False
Is 1303746262 a multiple of 3471?
False
Is 1291 a factor of 25486468?
False
Does 71 divide 70885351?
False
Is 392538524 a multiple of 14?
True
Does 161 divide 12742828?
True
Does 116 divide 32547164?
True
Is 340 a factor of 122454780?
False
Is 1919286644 a multiple of 18?
False
Does 88 divide 2832500685?
False
Is 6553932 a multiple of 231?
True
Does 4 divide 8889768?
True
Does 3397 divide 147861219?
True
Is 176129548 a multiple of 323?
False
Is 7448871 a multiple of 518?
False
Is 2355 a factor of 23036610?
True
Is 1311 a factor of 377184587?
False
Is 1230 a factor of 69005480?
False
Does 1672 divide 390159421?
False
Does 4 divide 267357487?
False
Is 15580775 a multiple of 10?
False
Is 110 a factor of 784167340?
True
Does 40 divide 122160600?
True
Is 9 a factor of 163763687?
False
Does 895 divide 32762370?
True
Is 1937 a factor of 30253277?
False
Is 35 a factor of 327750748?
False
Is 132453510 a multiple of 36?
False
Is 22623797 a multiple of 13?
False
Is 5 a factor of 42082225?
True
Is 26 a factor of 2676850527?
False
Does 1124 divide 1861678811?
False
Is 288 a factor of 7104114?
False
Is 1648250975 a multiple of 9859?
False
Is 3319393987 a multiple of 91?
True
Is 132 a factor of 34006318?
False
Is 243 a factor of 136029213?
True
Is 14 a factor of 1139670?
True
Does 479 divide 18909962?
True
Is 8 a factor of 1319549420?
False
Does 167 divide 810007949?
True
Is 84694560 a multiple of 202?
True
Does 123 divide 134968392?
True
Does 5244 divide 729750499?
False
Is 2770 a factor of 113162810?
True
Is 94 a factor of 56094569?
False
Is 181255206 a multiple of 1111?
True
Is 105097698 a multiple of 927?
True
Does 229 divide 189753659?
False
Is 224 a factor of 1685099808?
True
Is 325 a factor of 2073461325?
True
Is 51 a factor of 65187129?
True
Is 125159802 a multiple of 38?
True
Is 459384934 a multiple of 46?
True
Is 220214545 even?
False
Is 5 a factor of 19842005?
True
Is 135338644 a multiple of 14?
True
Is 1160834679 a multiple of 887?
False
Is 22453955 a multiple of 17?
False
Is 372643584 a multiple of 4156?
True
Does 267 divide 14187472?
False
Is 794 a factor of 45277794?
False
Does 378 divide 39774194?
False
Does 541 divide 459542304?
False
Is 524337954 a multiple of 52?
False
Is 83 a factor of 7086683?
False
Does 184 divide 282862905?
False
Does 83 divide 77008064?
True
Does 49 divide 173502189?
True
Is 83 a factor of 1039191872?
True
Is 17062492 a multiple of 4?
True
Does 127 divide 11448288?
True
Does 237 divide 172196853?
True
Is 172648860 a multiple of 8?
False
Is 22153192 a multiple of 98?
False
Is 115 a factor of 722859180?
True
Is 274 a factor of 14442260?
False
Is 81347874 a multiple of 2765?
False
Does 3 divide 14658916?
False
Is 4461912 a multiple of 24?
True
Is 18812275 a multiple of 25?
True
Is 1100 a factor of 208402041?
False
Does 55 divide 1869138111?
False
Is 160 a factor of 303073774?
False
Is 98294328 a multiple of 12?
True
Does 129 divide 174387360?
True
Is 596 a factor of 176774792?
True
Does 24 divide 642586656?
True
Does 1505 divide 36580965?
False
Is 128 a factor of 824000820?
False
Is 63734472 a multiple of 1242?
True
Does 271 divide 2053367?
True
Does 2324 divide 58336908?
False
Does 90 divide 86446285?
False
Is 218637338 a multiple of 82?
True
Is 44399443 a multiple of 29?
False
Is 998 a factor of 360300954?
True
Does 255 divide 239689238?
False
Is 16 a factor of 73936224?
True
Is 138 a factor of 16842706?
False
Is 145592647 a multiple of 1128?
False
Is 10914334 a multiple of 74?
True
Is 16 a factor of 29622451?
False
Is 329 a factor of 16193778?
False
Is 904691385 a multiple of 45?
True
Is 590317357 a multiple of 45?
False
Is 1101907811 a multiple of 2225?
False
Is 308 a factor of 1112682340?
True
Is 23 a factor of 1720119?
False
Is 253368879 a multiple of 25?
False
Does 4 divide 380790018?
False
Is 198 a factor of 271940922?
True
Is 4127 a factor of 255180664?
True
Is 146542639 a multiple of 39?
False
Is 90468692 a multiple of 2?
True
Is 23411397 a multiple of 16?
False
Does 7381 divide 1849485681?
False
Is 14 a factor of 55665954?
False
Does 793 divide 161213641?
False
Does 1297 divide 1019599399?
False
Is 1813724340 a multiple of 23?
True
Does 261 divide 25650363?
False
Does 289 divide 5926023030?
True
Is 80 a factor of 516080160?
True
Is 13532033 a multiple of 11?
False
Does 938 divide 2322489876?
True
Is 1098592868 a multiple of 202?
False
Is 6 a factor of 5751930?
True
Does 127 divide 11639804?
True
Is 1806734117 a multiple of 287?
False
Is 261530391 a multiple of 399?
False
Is 39175834 a multiple of 55?
False
Is 171349243 a multiple of 8